{"id":991,"date":"2026-04-08T10:53:07","date_gmt":"2026-04-08T08:53:07","guid":{"rendered":"https:\/\/reiki73.fr\/?page_id=991"},"modified":"2026-04-10T08:10:50","modified_gmt":"2026-04-10T06:10:50","slug":"les-accompagnements","status":"publish","type":"page","link":"https:\/\/www.etreetbienetre.fr\/index.php\/les-accompagnements\/","title":{"rendered":"Les accompagnements"},"content":{"rendered":"\n<h1 class=\"wp-block-heading has-text-align-center mon-titre-zen\"><strong>Retrouvez votre \u00e9quilibre<\/strong><\/h1>\n\n\n\n<div style=\"height:30px\" aria-hidden=\"true\" class=\"wp-block-spacer\"><\/div>\n\n\n\n<p>Chez Etre &amp; bien-\u00eatre \u00ae, ma mission est de vous guider vers un mieux-\u00eatre global en agissant \u00e0 la fois sur votre corps, votre \u00e9nergie et votre esprit. Je crois en une approche personnalis\u00e9e o\u00f9 chaque s\u00e9ance est un pas vers l&rsquo;harmonisation de votre \u00catre.<\/p>\n\n\n\n<p style=\"font-style:normal;font-weight:300\">Que vous cherchiez \u00e0 dissoudre un blocage \u00e9motionnel, \u00e0 optimiser votre vitalit\u00e9 ou \u00e0 vous offrir un moment de d\u00e9tente profonde, mon accompagnement est con\u00e7u pour r\u00e9pondre \u00e0 votre besoin sp\u00e9cifique.<\/p>\n\n\n\n<h2 class=\"wp-block-heading has-medium-font-size\" style=\"font-style:normal;font-weight:400\"><strong>L&rsquo;approche sur mesure<\/strong><\/h2>\n\n\n\n<p style=\"font-style:normal;font-weight:300\">Ind\u00e9pendamment de la s\u00e9ance choisie, chaque visite est l&rsquo;occasion d&rsquo;un \u00e9change et d&rsquo;une approche individualis\u00e9e. Je d\u00e9finis avec vous l&rsquo;outil ou la combinaison de soins la plus adapt\u00e9e \u00e0 votre objectif de bien-\u00eatre pour garantir un r\u00e9sultat efficace et durable.<\/p>\n\n\n\n<div style=\"height:30px\" aria-hidden=\"true\" class=\"wp-block-spacer\"><\/div>\n\n\n\n<div class=\"wp-block-columns alignement-cartes is-layout-flex wp-container-core-columns-is-layout-9d6595d7 wp-block-columns-is-layout-flex\">\n<div class=\"wp-block-column is-vertically-aligned-center carte-formation-reiki is-layout-flow wp-block-column-is-layout-flow\"><div class=\"wp-block-image\">\n<figure class=\"aligncenter size-large is-resized\"><img loading=\"lazy\" decoding=\"async\" width=\"1024\" height=\"768\" src=\"https:\/\/www.etreetbienetre.fr\/wp-content\/uploads\/2026\/03\/lullone-shower-head-1379865_1920-1024x768.jpg\" alt=\"\" class=\"wp-image-2600\" style=\"width:200px;height:auto\" srcset=\"https:\/\/www.etreetbienetre.fr\/wp-content\/uploads\/2026\/03\/lullone-shower-head-1379865_1920-1024x768.jpg 1024w, https:\/\/www.etreetbienetre.fr\/wp-content\/uploads\/2026\/03\/lullone-shower-head-1379865_1920-300x225.jpg 300w, https:\/\/www.etreetbienetre.fr\/wp-content\/uploads\/2026\/03\/lullone-shower-head-1379865_1920-768x576.jpg 768w, https:\/\/www.etreetbienetre.fr\/wp-content\/uploads\/2026\/03\/lullone-shower-head-1379865_1920-1536x1152.jpg 1536w, https:\/\/www.etreetbienetre.fr\/wp-content\/uploads\/2026\/03\/lullone-shower-head-1379865_1920.jpg 1920w\" sizes=\"auto, (max-width: 1024px) 100vw, 1024px\" \/><\/figure>\n<\/div>\n\n\n<h3 class=\"wp-block-heading has-text-align-center\"><strong>Harmonisation globale<\/strong><\/h3>\n\n\n\n<p>Retrouvez votre \u00e9quilibre int\u00e9rieur et lib\u00e9rez vos tensions. Une s\u00e9ance compl\u00e8te pour r\u00e9aligner votre corps et votre esprit en douceur.<\/p>\n\n\n\n<div class=\"wp-block-buttons is-content-justification-center is-layout-flex wp-container-core-buttons-is-layout-16018d1d wp-block-buttons-is-layout-flex\">\n<div class=\"wp-block-button mon-bouton-bleu\"><a class=\"wp-block-button__link wp-element-button\" href=\"https:\/\/www.etreetbienetre.fr\/index.php\/seance-dharmonisation-globale\/\" target=\"_blank\" rel=\"noreferrer noopener\">En savoir plus<\/a><\/div>\n<\/div>\n<\/div>\n\n\n\n<div class=\"wp-block-column is-vertically-aligned-center carte-formation-reiki is-layout-flow wp-block-column-is-layout-flow\"><div class=\"wp-block-image\">\n<figure class=\"aligncenter size-large is-resized\"><img loading=\"lazy\" decoding=\"async\" width=\"1024\" height=\"683\" src=\"https:\/\/www.etreetbienetre.fr\/wp-content\/uploads\/2026\/03\/myriams-fotos-hands-1797401_1920-1024x683.jpg\" alt=\"\" class=\"wp-image-2632\" style=\"width:200px\" srcset=\"https:\/\/www.etreetbienetre.fr\/wp-content\/uploads\/2026\/03\/myriams-fotos-hands-1797401_1920-1024x683.jpg 1024w, https:\/\/www.etreetbienetre.fr\/wp-content\/uploads\/2026\/03\/myriams-fotos-hands-1797401_1920-300x200.jpg 300w, https:\/\/www.etreetbienetre.fr\/wp-content\/uploads\/2026\/03\/myriams-fotos-hands-1797401_1920-768x512.jpg 768w, https:\/\/www.etreetbienetre.fr\/wp-content\/uploads\/2026\/03\/myriams-fotos-hands-1797401_1920-1536x1024.jpg 1536w, https:\/\/www.etreetbienetre.fr\/wp-content\/uploads\/2026\/03\/myriams-fotos-hands-1797401_1920-450x300.jpg 450w, https:\/\/www.etreetbienetre.fr\/wp-content\/uploads\/2026\/03\/myriams-fotos-hands-1797401_1920.jpg 1920w\" sizes=\"auto, (max-width: 1024px) 100vw, 1024px\" \/><\/figure>\n<\/div>\n\n\n<h3 class=\"wp-block-heading has-text-align-center\"><strong>Accompagnement enfants<\/strong><\/h3>\n\n\n\n<p class=\"has-text-align-center\">Guider les plus petits vers le calme et la confiance. Des s\u00e9ances adapt\u00e9es pour aider chaque enfant \u00e0 s&rsquo;\u00e9panouir sereinement.<\/p>\n\n\n\n<div class=\"wp-block-buttons is-content-justification-center is-layout-flex wp-container-core-buttons-is-layout-16018d1d wp-block-buttons-is-layout-flex\">\n<div class=\"wp-block-button mon-bouton-bleu\"><a class=\"wp-block-button__link wp-element-button\" href=\"https:\/\/www.etreetbienetre.fr\/index.php\/une-seance-pour-les-enfants\/\" target=\"_blank\" rel=\"noreferrer noopener\">En savoir plus<\/a><\/div>\n<\/div>\n<\/div>\n<\/div>\n\n\n\n<p class=\"note-tableau-emeline\">Ces deux accompagnements peuvent se r\u00e9aliser au cabinet ou \u00e0 distance. Pour comprendre comment se d\u00e9roule une s\u00e9ance \u00e0 distance, <a href=\"https:\/\/www.etreetbienetre.fr\/index.php\/une-seance-a-distance\/\" target=\"_blank\" rel=\"noreferrer noopener\">cliquez ici pour consulter les d\u00e9tails.<\/a><\/p>\n\n\n\n<div style=\"height:30px\" aria-hidden=\"true\" class=\"wp-block-spacer\"><\/div>\n\n\n\n<div class=\"wp-block-columns are-vertically-aligned-center alignement-cartes is-layout-flex wp-container-core-columns-is-layout-9d6595d7 wp-block-columns-is-layout-flex\">\n<div class=\"wp-block-column is-vertically-aligned-center carte-formation-reiki is-layout-flow wp-block-column-is-layout-flow\"><div class=\"wp-block-image\">\n<figure class=\"aligncenter size-full is-resized\"><img loading=\"lazy\" decoding=\"async\" width=\"356\" height=\"265\" src=\"https:\/\/www.etreetbienetre.fr\/wp-content\/uploads\/2024\/04\/Cat-relaxation-reduit.jpg\" alt=\"\" class=\"wp-image-1530\" style=\"width:200px;height:auto\" srcset=\"https:\/\/www.etreetbienetre.fr\/wp-content\/uploads\/2024\/04\/Cat-relaxation-reduit.jpg 356w, https:\/\/www.etreetbienetre.fr\/wp-content\/uploads\/2024\/04\/Cat-relaxation-reduit-300x223.jpg 300w, https:\/\/www.etreetbienetre.fr\/wp-content\/uploads\/2024\/04\/Cat-relaxation-reduit-81x60.jpg 81w\" sizes=\"auto, (max-width: 356px) 100vw, 356px\" \/><\/figure>\n<\/div>\n\n\n<h3 class=\"wp-block-heading has-text-align-center\"><strong>Luminoth\u00e9rapie &amp; relaxation<\/strong><\/h3>\n\n\n\n<p>Plongez dans une d\u00e9tente profonde gr\u00e2ce \u00e0 l&rsquo;alliance de la lumi\u00e8re, de la m\u00e9ditation guid\u00e9e par la voix et des vibrations. Un voyage sensoriel complet pour apaiser durablement votre syst\u00e8me nerveux.<\/p>\n\n\n\n<div class=\"wp-block-buttons is-content-justification-center is-layout-flex wp-container-core-buttons-is-layout-16018d1d wp-block-buttons-is-layout-flex\">\n<div class=\"wp-block-button mon-bouton-bleu\"><a class=\"wp-block-button__link wp-element-button\" href=\"https:\/\/www.etreetbienetre.fr\/index.php\/la-luminotherapie-et-relaxation-combinee\/\" target=\"_blank\" rel=\"noreferrer noopener\">En savoir plus<\/a><\/div>\n<\/div>\n<\/div>\n\n\n\n<div class=\"wp-block-column is-vertically-aligned-center carte-formation-reiki is-layout-flow wp-block-column-is-layout-flow\"><div class=\"wp-block-image\">\n<figure class=\"aligncenter size-full is-resized\"><img loading=\"lazy\" decoding=\"async\" width=\"1920\" height=\"1280\" src=\"https:\/\/www.etreetbienetre.fr\/wp-content\/uploads\/2026\/03\/couleur-waves-6915096_1920.jpg\" alt=\"\" class=\"wp-image-2616\" style=\"width:200px;height:auto\" srcset=\"https:\/\/www.etreetbienetre.fr\/wp-content\/uploads\/2026\/03\/couleur-waves-6915096_1920.jpg 1920w, https:\/\/www.etreetbienetre.fr\/wp-content\/uploads\/2026\/03\/couleur-waves-6915096_1920-300x200.jpg 300w, https:\/\/www.etreetbienetre.fr\/wp-content\/uploads\/2026\/03\/couleur-waves-6915096_1920-1024x683.jpg 1024w, https:\/\/www.etreetbienetre.fr\/wp-content\/uploads\/2026\/03\/couleur-waves-6915096_1920-768x512.jpg 768w, https:\/\/www.etreetbienetre.fr\/wp-content\/uploads\/2026\/03\/couleur-waves-6915096_1920-1536x1024.jpg 1536w, https:\/\/www.etreetbienetre.fr\/wp-content\/uploads\/2026\/03\/couleur-waves-6915096_1920-450x300.jpg 450w\" sizes=\"auto, (max-width: 1920px) 100vw, 1920px\" \/><\/figure>\n<\/div>\n\n\n<h3 class=\"wp-block-heading has-text-align-center\"><strong><strong>Bior\u00e9sonance<\/strong><\/strong><\/h3>\n\n\n\n<p>\u00c9coutez ce que vos cellules ont \u00e0 dire. Une technologie douce pour identifier et harmoniser les fr\u00e9quences de votre organisme.<\/p>\n\n\n\n<div class=\"wp-block-buttons is-content-justification-center is-layout-flex wp-container-core-buttons-is-layout-16018d1d wp-block-buttons-is-layout-flex\">\n<div class=\"wp-block-button mon-bouton-bleu\"><a class=\"wp-block-button__link wp-element-button\" href=\"https:\/\/www.etreetbienetre.fr\/index.php\/seance-dharmonisation-par-bioresonance\/\" target=\"_blank\" rel=\"noreferrer noopener\">En savoir plus<\/a><\/div>\n<\/div>\n<\/div>\n<\/div>\n\n\n\n<p class=\"note-tableau-emeline\">En raison du mat\u00e9riel technique utilis\u00e9, ces s\u00e9ances s&rsquo;effectuent uniquement au cabinet de Challes-les-Eaux.<\/p>\n\n\n\n<div style=\"height:30px\" aria-hidden=\"true\" class=\"wp-block-spacer\"><\/div>\n\n\n\n<div class=\"wp-block-group ma-liste-tarifs\"><div class=\"wp-block-group__inner-container is-layout-constrained wp-block-group-is-layout-constrained\">\n<p>Faire le premier pas vers l&rsquo;\u00e9quilibre, c&rsquo;est s&rsquo;offrir un espace de soin. Les tarifs de mes accompagnements sont harmonis\u00e9s pour vous offrir une pleine clart\u00e9, seuls les soins enfants et la luminoth\u00e9rapie proposent un tarif distinct.<\/p>\n\n\n\n<p>1\u00e8re s\u00e9ance adulte &#8211; 80\u20ac<\/p>\n\n\n\n<p>S\u00e9ance de suivi &#8211; 65\u20ac<\/p>\n\n\n\n<p>S\u00e9ance enfant &#8211; 55\u20ac<\/p>\n\n\n\n<p>Luminoth\u00e9rapie &#8211; 50\u20ac<\/p>\n<\/div><\/div>\n\n\n\n<div style=\"height:30px\" aria-hidden=\"true\" class=\"wp-block-spacer\"><\/div>\n\n\n\n<h3 class=\"wp-block-heading has-medium-font-size\" style=\"font-style:normal;font-weight:400\"><strong>Pr\u00eat(e) \u00e0 commencer votre chemin vers le mieux-\u00eatre ?<\/strong><\/h3>\n\n\n\n<p style=\"font-style:normal;font-weight:300\">Prenez rendez-vous d\u00e8s aujourd&rsquo;hui pour une s\u00e9ance personnalis\u00e9e et faites le premier pas vers une vie plus \u00e9quilibr\u00e9e et pleine de vitalit\u00e9.<\/p>\n\n\n\n<div class=\"wp-block-buttons is-content-justification-center is-layout-flex wp-container-core-buttons-is-layout-16018d1d wp-block-buttons-is-layout-flex\">\n<div class=\"wp-block-button\"><a class=\"wp-block-button__link has-white-color has-text-color has-background has-link-color wp-element-button\" href=\"https:\/\/emeline-vayr.reservio.com\" style=\"background-color:#0a99b4\" target=\"_blank\" rel=\"noreferrer noopener\">Prendre Rendez-Vous<\/a><\/div>\n<\/div>\n\n\n\n<div style=\"height:30px\" aria-hidden=\"true\" class=\"wp-block-spacer\"><\/div>\n\n\n\n<p>Les pratiques compl\u00e9mentaires ne sont pas de la m\u00e9decine conventionnelle. Faire appel \u00e0 mes pratiques ne remplace pas une consultation m\u00e9dicale.<\/p>\n","protected":false},"excerpt":{"rendered":"<p>Retrouvez votre \u00e9quilibre Chez Etre &amp; bien-\u00eatre \u00ae, ma mission est de vous guider vers un mieux-\u00eatre global en agissant \u00e0 la fois sur votre corps, votre \u00e9nergie et votre esprit. Je crois en une approche personnalis\u00e9e o\u00f9 chaque s\u00e9ance est un pas vers l&rsquo;harmonisation de votre \u00catre. Que vous cherchiez \u00e0 dissoudre un blocage \u00e9motionnel, \u00e0 optimiser votre vitalit\u00e9 ou \u00e0 vous offrir un moment de d\u00e9tente profonde, mon accompagnement est con\u00e7u pour r\u00e9pondre &hellip; <\/p>\n","protected":false},"author":1,"featured_media":0,"parent":0,"menu_order":0,"comment_status":"closed","ping_status":"closed","template":"","meta":{"_glsr_average":0,"_glsr_ranking":0,"_glsr_reviews":0,"footnotes":""},"class_list":["post-991","page","type-page","status-publish","hentry"],"_links":{"self":[{"href":"https:\/\/www.etreetbienetre.fr\/index.php\/wp-json\/wp\/v2\/pages\/991","targetHints":{"allow":["GET"]}}],"collection":[{"href":"https:\/\/www.etreetbienetre.fr\/index.php\/wp-json\/wp\/v2\/pages"}],"about":[{"href":"https:\/\/www.etreetbienetre.fr\/index.php\/wp-json\/wp\/v2\/types\/page"}],"author":[{"embeddable":true,"href":"https:\/\/www.etreetbienetre.fr\/index.php\/wp-json\/wp\/v2\/users\/1"}],"replies":[{"embeddable":true,"href":"https:\/\/www.etreetbienetre.fr\/index.php\/wp-json\/wp\/v2\/comments?post=991"}],"version-history":[{"count":64,"href":"https:\/\/www.etreetbienetre.fr\/index.php\/wp-json\/wp\/v2\/pages\/991\/revisions"}],"predecessor-version":[{"id":3206,"href":"https:\/\/www.etreetbienetre.fr\/index.php\/wp-json\/wp\/v2\/pages\/991\/revisions\/3206"}],"wp:attachment":[{"href":"https:\/\/www.etreetbienetre.fr\/index.php\/wp-json\/wp\/v2\/media?parent=991"}],"curies":[{"name":"wp","href":"https:\/\/api.w.org\/{rel}","templated":true}]}}

<h1 class="wp-block-heading has-text-align-center mon-titre-zen"><strong>Retrouvez votre équilibre</strong></h1>



<div style="height:30px" aria-hidden="true" class="wp-block-spacer"></div>



<p>Chez Etre &amp; bien-être ®, ma mission est de vous guider vers un mieux-être global en agissant à la fois sur votre corps, votre énergie et votre esprit. Je crois en une approche personnalisée où chaque séance est un pas vers l&rsquo;harmonisation de votre Être.</p>



<p style="font-style:normal;font-weight:300">Que vous cherchiez à dissoudre un blocage émotionnel, à optimiser votre vitalité ou à vous offrir un moment de détente profonde, mon accompagnement est conçu pour répondre à votre besoin spécifique.</p>



<h2 class="wp-block-heading has-medium-font-size" style="font-style:normal;font-weight:400"><strong>L&rsquo;approche sur mesure</strong></h2>



<p style="font-style:normal;font-weight:300">Indépendamment de la séance choisie, chaque visite est l&rsquo;occasion d&rsquo;un échange et d&rsquo;une approche individualisée. Je définis avec vous l&rsquo;outil ou la combinaison de soins la plus adaptée à votre objectif de bien-être pour garantir un résultat efficace et durable.</p>



<div style="height:30px" aria-hidden="true" class="wp-block-spacer"></div>



<div class="wp-block-columns alignement-cartes is-layout-flex wp-container-core-columns-is-layout-9d6595d7 wp-block-columns-is-layout-flex">
<div class="wp-block-column is-vertically-aligned-center carte-formation-reiki is-layout-flow wp-block-column-is-layout-flow"><div class="wp-block-image">
<figure class="aligncenter size-large is-resized"><img loading="lazy" decoding="async" width="1024" height="768" src="https://www.etreetbienetre.fr/wp-content/uploads/2026/03/lullone-shower-head-1379865_1920-1024x768.jpg" alt="" class="wp-image-2600" style="width:200px;height:auto" srcset="https://www.etreetbienetre.fr/wp-content/uploads/2026/03/lullone-shower-head-1379865_1920-1024x768.jpg 1024w, https://www.etreetbienetre.fr/wp-content/uploads/2026/03/lullone-shower-head-1379865_1920-300x225.jpg 300w, https://www.etreetbienetre.fr/wp-content/uploads/2026/03/lullone-shower-head-1379865_1920-768x576.jpg 768w, https://www.etreetbienetre.fr/wp-content/uploads/2026/03/lullone-shower-head-1379865_1920-1536x1152.jpg 1536w, https://www.etreetbienetre.fr/wp-content/uploads/2026/03/lullone-shower-head-1379865_1920.jpg 1920w" sizes="auto, (max-width: 1024px) 100vw, 1024px" /></figure>
</div>


<h3 class="wp-block-heading has-text-align-center"><strong>Harmonisation globale</strong></h3>



<p>Retrouvez votre équilibre intérieur et libérez vos tensions. Une séance complète pour réaligner votre corps et votre esprit en douceur.</p>



<div class="wp-block-buttons is-content-justification-center is-layout-flex wp-container-core-buttons-is-layout-16018d1d wp-block-buttons-is-layout-flex">
<div class="wp-block-button mon-bouton-bleu"><a class="wp-block-button__link wp-element-button" href="https://www.etreetbienetre.fr/index.php/seance-dharmonisation-globale/" target="_blank" rel="noreferrer noopener">En savoir plus</a></div>
</div>
</div>



<div class="wp-block-column is-vertically-aligned-center carte-formation-reiki is-layout-flow wp-block-column-is-layout-flow"><div class="wp-block-image">
<figure class="aligncenter size-large is-resized"><img loading="lazy" decoding="async" width="1024" height="683" src="https://www.etreetbienetre.fr/wp-content/uploads/2026/03/myriams-fotos-hands-1797401_1920-1024x683.jpg" alt="" class="wp-image-2632" style="width:200px" srcset="https://www.etreetbienetre.fr/wp-content/uploads/2026/03/myriams-fotos-hands-1797401_1920-1024x683.jpg 1024w, https://www.etreetbienetre.fr/wp-content/uploads/2026/03/myriams-fotos-hands-1797401_1920-300x200.jpg 300w, https://www.etreetbienetre.fr/wp-content/uploads/2026/03/myriams-fotos-hands-1797401_1920-768x512.jpg 768w, https://www.etreetbienetre.fr/wp-content/uploads/2026/03/myriams-fotos-hands-1797401_1920-1536x1024.jpg 1536w, https://www.etreetbienetre.fr/wp-content/uploads/2026/03/myriams-fotos-hands-1797401_1920-450x300.jpg 450w, https://www.etreetbienetre.fr/wp-content/uploads/2026/03/myriams-fotos-hands-1797401_1920.jpg 1920w" sizes="auto, (max-width: 1024px) 100vw, 1024px" /></figure>
</div>


<h3 class="wp-block-heading has-text-align-center"><strong>Accompagnement enfants</strong></h3>



<p class="has-text-align-center">Guider les plus petits vers le calme et la confiance. Des séances adaptées pour aider chaque enfant à s&rsquo;épanouir sereinement.</p>



<div class="wp-block-buttons is-content-justification-center is-layout-flex wp-container-core-buttons-is-layout-16018d1d wp-block-buttons-is-layout-flex">
<div class="wp-block-button mon-bouton-bleu"><a class="wp-block-button__link wp-element-button" href="https://www.etreetbienetre.fr/index.php/une-seance-pour-les-enfants/" target="_blank" rel="noreferrer noopener">En savoir plus</a></div>
</div>
</div>
</div>



<p class="note-tableau-emeline">Ces deux accompagnements peuvent se réaliser au cabinet ou à distance. Pour comprendre comment se déroule une séance à distance, <a href="https://www.etreetbienetre.fr/index.php/une-seance-a-distance/" target="_blank" rel="noreferrer noopener">cliquez ici pour consulter les détails.</a></p>



<div style="height:30px" aria-hidden="true" class="wp-block-spacer"></div>



<div class="wp-block-columns are-vertically-aligned-center alignement-cartes is-layout-flex wp-container-core-columns-is-layout-9d6595d7 wp-block-columns-is-layout-flex">
<div class="wp-block-column is-vertically-aligned-center carte-formation-reiki is-layout-flow wp-block-column-is-layout-flow"><div class="wp-block-image">
<figure class="aligncenter size-full is-resized"><img loading="lazy" decoding="async" width="356" height="265" src="https://www.etreetbienetre.fr/wp-content/uploads/2024/04/Cat-relaxation-reduit.jpg" alt="" class="wp-image-1530" style="width:200px;height:auto" srcset="https://www.etreetbienetre.fr/wp-content/uploads/2024/04/Cat-relaxation-reduit.jpg 356w, https://www.etreetbienetre.fr/wp-content/uploads/2024/04/Cat-relaxation-reduit-300x223.jpg 300w, https://www.etreetbienetre.fr/wp-content/uploads/2024/04/Cat-relaxation-reduit-81x60.jpg 81w" sizes="auto, (max-width: 356px) 100vw, 356px" /></figure>
</div>


<h3 class="wp-block-heading has-text-align-center"><strong>Luminothérapie &amp; relaxation</strong></h3>



<p>Plongez dans une détente profonde grâce à l&rsquo;alliance de la lumière, de la méditation guidée par la voix et des vibrations. Un voyage sensoriel complet pour apaiser durablement votre système nerveux.</p>



<div class="wp-block-buttons is-content-justification-center is-layout-flex wp-container-core-buttons-is-layout-16018d1d wp-block-buttons-is-layout-flex">
<div class="wp-block-button mon-bouton-bleu"><a class="wp-block-button__link wp-element-button" href="https://www.etreetbienetre.fr/index.php/la-luminotherapie-et-relaxation-combinee/" target="_blank" rel="noreferrer noopener">En savoir plus</a></div>
</div>
</div>



<div class="wp-block-column is-vertically-aligned-center carte-formation-reiki is-layout-flow wp-block-column-is-layout-flow"><div class="wp-block-image">
<figure class="aligncenter size-full is-resized"><img loading="lazy" decoding="async" width="1920" height="1280" src="https://www.etreetbienetre.fr/wp-content/uploads/2026/03/couleur-waves-6915096_1920.jpg" alt="" class="wp-image-2616" style="width:200px;height:auto" srcset="https://www.etreetbienetre.fr/wp-content/uploads/2026/03/couleur-waves-6915096_1920.jpg 1920w, https://www.etreetbienetre.fr/wp-content/uploads/2026/03/couleur-waves-6915096_1920-300x200.jpg 300w, https://www.etreetbienetre.fr/wp-content/uploads/2026/03/couleur-waves-6915096_1920-1024x683.jpg 1024w, https://www.etreetbienetre.fr/wp-content/uploads/2026/03/couleur-waves-6915096_1920-768x512.jpg 768w, https://www.etreetbienetre.fr/wp-content/uploads/2026/03/couleur-waves-6915096_1920-1536x1024.jpg 1536w, https://www.etreetbienetre.fr/wp-content/uploads/2026/03/couleur-waves-6915096_1920-450x300.jpg 450w" sizes="auto, (max-width: 1920px) 100vw, 1920px" /></figure>
</div>


<h3 class="wp-block-heading has-text-align-center"><strong><strong>Biorésonance</strong></strong></h3>



<p>Écoutez ce que vos cellules ont à dire. Une technologie douce pour identifier et harmoniser les fréquences de votre organisme.</p>



<div class="wp-block-buttons is-content-justification-center is-layout-flex wp-container-core-buttons-is-layout-16018d1d wp-block-buttons-is-layout-flex">
<div class="wp-block-button mon-bouton-bleu"><a class="wp-block-button__link wp-element-button" href="https://www.etreetbienetre.fr/index.php/seance-dharmonisation-par-bioresonance/" target="_blank" rel="noreferrer noopener">En savoir plus</a></div>
</div>
</div>
</div>



<p class="note-tableau-emeline">En raison du matériel technique utilisé, ces séances s&rsquo;effectuent uniquement au cabinet de Challes-les-Eaux.</p>



<div style="height:30px" aria-hidden="true" class="wp-block-spacer"></div>



<div class="wp-block-group ma-liste-tarifs"><div class="wp-block-group__inner-container is-layout-constrained wp-block-group-is-layout-constrained">
<p>Faire le premier pas vers l&rsquo;équilibre, c&rsquo;est s&rsquo;offrir un espace de soin. Les tarifs de mes accompagnements sont harmonisés pour vous offrir une pleine clarté, seuls les soins enfants et la luminothérapie proposent un tarif distinct.</p>



<p>1ère séance adulte &#8211; 80€</p>



<p>Séance de suivi &#8211; 65€</p>



<p>Séance enfant &#8211; 55€</p>



<p>Luminothérapie &#8211; 50€</p>
</div></div>



<div style="height:30px" aria-hidden="true" class="wp-block-spacer"></div>



<h3 class="wp-block-heading has-medium-font-size" style="font-style:normal;font-weight:400"><strong>Prêt(e) à commencer votre chemin vers le mieux-être ?</strong></h3>



<p style="font-style:normal;font-weight:300">Prenez rendez-vous dès aujourd&rsquo;hui pour une séance personnalisée et faites le premier pas vers une vie plus équilibrée et pleine de vitalité.</p>



<div class="wp-block-buttons is-content-justification-center is-layout-flex wp-container-core-buttons-is-layout-16018d1d wp-block-buttons-is-layout-flex">
<div class="wp-block-button"><a class="wp-block-button__link has-white-color has-text-color has-background has-link-color wp-element-button" href="https://emeline-vayr.reservio.com" style="background-color:#0a99b4" target="_blank" rel="noreferrer noopener">Prendre Rendez-Vous</a></div>
</div>



<div style="height:30px" aria-hidden="true" class="wp-block-spacer"></div>



<p>Les pratiques complémentaires ne sont pas de la médecine conventionnelle. Faire appel à mes pratiques ne remplace pas une consultation médicale.</p>

<p>Retrouvez votre équilibre Chez Etre &amp; bien-être ®, ma mission est de vous guider vers un mieux-être global en agissant à la fois sur votre corps, votre énergie et votre esprit. Je crois en une approche personnalisée où chaque séance est un pas vers l&rsquo;harmonisation de votre Être. Que vous cherchiez à dissoudre un blocage émotionnel, à optimiser votre vitalité ou à vous offrir un moment de détente profonde, mon accompagnement est conçu pour répondre &hellip; </p>
