{"id":1889,"date":"2024-11-27T10:46:24","date_gmt":"2024-11-27T09:46:24","guid":{"rendered":"https:\/\/www.etreetbienetre.fr\/?page_id=1889"},"modified":"2025-10-17T11:23:56","modified_gmt":"2025-10-17T09:23:56","slug":"la-crise-de-calme","status":"publish","type":"page","link":"https:\/\/www.etreetbienetre.fr\/index.php\/la-crise-de-calme\/","title":{"rendered":"La crise de calme"},"content":{"rendered":"\n<p>La crise de calme est un tr\u00e8s bon outil \u00e0 faire r\u00e9guli\u00e8rement pour lutter contre le stress qui nous envahit.<\/p>\n\n\n\n<p>Vous pouvez aussi faire les exercices s\u00e9par\u00e9ment en fonction de vos besoins.<\/p>\n\n\n\n<div data-wp-interactive=\"core\/file\" class=\"wp-block-file\"><object data-wp-bind--hidden=\"!state.hasPdfPreview\" hidden class=\"wp-block-file__embed\" data=\"https:\/\/www.etreetbienetre.fr\/wp-content\/uploads\/2024\/11\/Crise-de-calme.pdf\" type=\"application\/pdf\" style=\"width:100%;height:600px\" aria-label=\"Contenu embarqu\u00e9 Crise de calme.\"><\/object><a id=\"wp-block-file--media-72afbf62-6e2d-4d92-8067-fe0a967e1163\" href=\"https:\/\/www.etreetbienetre.fr\/wp-content\/uploads\/2024\/11\/Crise-de-calme.pdf\">Crise de calme<\/a><a href=\"https:\/\/www.etreetbienetre.fr\/wp-content\/uploads\/2024\/11\/Crise-de-calme.pdf\" class=\"wp-block-file__button wp-element-button\" download aria-describedby=\"wp-block-file--media-72afbf62-6e2d-4d92-8067-fe0a967e1163\">T\u00e9l\u00e9charger<\/a><\/div>\n\n\n\n<p>Vous voulez en savoir plus sur la coh\u00e9rence cardiaque?<\/p>\n\n\n\n<p>Lisez l&rsquo;article <a href=\"https:\/\/www.etreetbienetre.fr\/index.php\/2024\/05\/20\/quest-ce-que-la-coherence-cardiaque\/\" target=\"_blank\" rel=\"noreferrer noopener\">en suivant ce lien<\/a><\/p>\n\n\n\n<div class=\"wp-block-buttons is-layout-flex wp-block-buttons-is-layout-flex\"><\/div>\n","protected":false},"excerpt":{"rendered":"<p>La crise de calme est un tr\u00e8s bon outil \u00e0 faire r\u00e9guli\u00e8rement pour lutter contre le stress qui nous envahit. Vous pouvez aussi faire les exercices s\u00e9par\u00e9ment en fonction de vos besoins. Vous voulez en savoir plus sur la coh\u00e9rence cardiaque? Lisez l&rsquo;article en suivant ce lien<\/p>\n","protected":false},"author":1,"featured_media":0,"parent":0,"menu_order":0,"comment_status":"closed","ping_status":"closed","template":"","meta":{"_glsr_average":0,"_glsr_ranking":0,"_glsr_reviews":0,"footnotes":""},"class_list":["post-1889","page","type-page","status-publish","hentry"],"_links":{"self":[{"href":"https:\/\/www.etreetbienetre.fr\/index.php\/wp-json\/wp\/v2\/pages\/1889","targetHints":{"allow":["GET"]}}],"collection":[{"href":"https:\/\/www.etreetbienetre.fr\/index.php\/wp-json\/wp\/v2\/pages"}],"about":[{"href":"https:\/\/www.etreetbienetre.fr\/index.php\/wp-json\/wp\/v2\/types\/page"}],"author":[{"embeddable":true,"href":"https:\/\/www.etreetbienetre.fr\/index.php\/wp-json\/wp\/v2\/users\/1"}],"replies":[{"embeddable":true,"href":"https:\/\/www.etreetbienetre.fr\/index.php\/wp-json\/wp\/v2\/comments?post=1889"}],"version-history":[{"count":4,"href":"https:\/\/www.etreetbienetre.fr\/index.php\/wp-json\/wp\/v2\/pages\/1889\/revisions"}],"predecessor-version":[{"id":2295,"href":"https:\/\/www.etreetbienetre.fr\/index.php\/wp-json\/wp\/v2\/pages\/1889\/revisions\/2295"}],"wp:attachment":[{"href":"https:\/\/www.etreetbienetre.fr\/index.php\/wp-json\/wp\/v2\/media?parent=1889"}],"curies":[{"name":"wp","href":"https:\/\/api.w.org\/{rel}","templated":true}]}}