{"id":1286,"date":"2023-12-18T15:24:13","date_gmt":"2023-12-18T14:24:13","guid":{"rendered":"https:\/\/reiki73.fr\/?page_id=1286"},"modified":"2025-02-22T18:45:08","modified_gmt":"2025-02-22T17:45:08","slug":"les-vertus-des-pierres","status":"publish","type":"page","link":"https:\/\/www.etreetbienetre.fr\/index.php\/la-lune\/les-vertus-des-pierres\/","title":{"rendered":"Les vertus des pierres"},"content":{"rendered":"\n<p>     <\/p>\n\n\n\n<p class=\"has-text-align-center\">Vous trouverez ci-dessous les vertus des pierres que j&rsquo;utilise dans mes cr\u00e9ations.<\/p>\n\n\n\n<p>Vous pouvez aussi t\u00e9l\u00e9charger le document <\/p>\n\n\n\n<div class=\"wp-block-buttons is-layout-flex wp-block-buttons-is-layout-flex\">\n<div class=\"wp-block-button is-style-outline is-style-outline--1\"><a class=\"wp-block-button__link wp-element-button\" href=\"https:\/\/www.etreetbienetre.fr\/wp-content\/uploads\/2023\/12\/Vertus-pierre.pdf\" target=\"_blank\" rel=\"noreferrer noopener\">T\u00e9l\u00e9charger le document<\/a><\/div>\n<\/div>\n\n\n\n<p>     <\/p>\n\n\n\n<div class=\"wp-block-group\"><div class=\"wp-block-group__inner-container is-layout-constrained wp-block-group-is-layout-constrained\">\n<div data-wp-interactive=\"core\/file\" class=\"wp-block-file aligncenter\"><object data-wp-bind--hidden=\"!state.hasPdfPreview\" hidden class=\"wp-block-file__embed\" data=\"https:\/\/www.etreetbienetre.fr\/wp-content\/uploads\/2024\/03\/Vertus-pierre.pdf\" type=\"application\/pdf\" style=\"width:100%;height:600px\" aria-label=\"Contenu embarqu\u00e9 Vertus-pierre.\"><\/object><a id=\"wp-block-file--media-c8cc58e7-75d7-4e3e-89f6-47d2ee024390\" href=\"https:\/\/www.etreetbienetre.fr\/wp-content\/uploads\/2024\/03\/Vertus-pierre.pdf\" target=\"_blank\" rel=\"noreferrer noopener\">Vertus-pierre<\/a><a href=\"https:\/\/www.etreetbienetre.fr\/wp-content\/uploads\/2024\/03\/Vertus-pierre.pdf\" class=\"wp-block-file__button wp-element-button\" download aria-describedby=\"wp-block-file--media-c8cc58e7-75d7-4e3e-89f6-47d2ee024390\">T\u00e9l\u00e9charger<\/a><\/div>\n<\/div><\/div>\n","protected":false},"excerpt":{"rendered":"<p>Vous trouverez ci-dessous les vertus des pierres que j&rsquo;utilise dans mes cr\u00e9ations. Vous pouvez aussi t\u00e9l\u00e9charger le document<\/p>\n","protected":false},"author":1,"featured_media":1317,"parent":1068,"menu_order":2,"comment_status":"closed","ping_status":"closed","template":"","meta":{"_glsr_average":0,"_glsr_ranking":0,"_glsr_reviews":0,"footnotes":""},"class_list":["post-1286","page","type-page","status-publish","has-post-thumbnail","hentry"],"_links":{"self":[{"href":"https:\/\/www.etreetbienetre.fr\/index.php\/wp-json\/wp\/v2\/pages\/1286","targetHints":{"allow":["GET"]}}],"collection":[{"href":"https:\/\/www.etreetbienetre.fr\/index.php\/wp-json\/wp\/v2\/pages"}],"about":[{"href":"https:\/\/www.etreetbienetre.fr\/index.php\/wp-json\/wp\/v2\/types\/page"}],"author":[{"embeddable":true,"href":"https:\/\/www.etreetbienetre.fr\/index.php\/wp-json\/wp\/v2\/users\/1"}],"replies":[{"embeddable":true,"href":"https:\/\/www.etreetbienetre.fr\/index.php\/wp-json\/wp\/v2\/comments?post=1286"}],"version-history":[{"count":7,"href":"https:\/\/www.etreetbienetre.fr\/index.php\/wp-json\/wp\/v2\/pages\/1286\/revisions"}],"predecessor-version":[{"id":1526,"href":"https:\/\/www.etreetbienetre.fr\/index.php\/wp-json\/wp\/v2\/pages\/1286\/revisions\/1526"}],"up":[{"embeddable":true,"href":"https:\/\/www.etreetbienetre.fr\/index.php\/wp-json\/wp\/v2\/pages\/1068"}],"wp:featuredmedia":[{"embeddable":true,"href":"https:\/\/www.etreetbienetre.fr\/index.php\/wp-json\/wp\/v2\/media\/1317"}],"wp:attachment":[{"href":"https:\/\/www.etreetbienetre.fr\/index.php\/wp-json\/wp\/v2\/media?parent=1286"}],"curies":[{"name":"wp","href":"https:\/\/api.w.org\/{rel}","templated":true}]}}